 hundreds digit of 1922?
9
What is the units digit of 713?
3
What is the hundreds digit of 3849?
8
What is the units digit of 313?
3
What is the ten thousands digit of 59756?
5
What is the hundreds digit of 2559?
5
What is the tens digit of 3301?
0
What is the hundreds digit of 389?
3
What is the ten thousands digit of 21681?
2
What is the tens digit of 49925?
2
What is the tens digit of 42719?
1
What is the tens digit of 22559?
5
What is the thousands digit of 4849?
4
What is the hundreds digit of 4644?
6
What is the units digit of 558?
8
What is the thousands digit of 3044?
3
What is the thousands digit of 21503?
1
What is the thousands digit of 7868?
7
What is the units digit of 27346?
6
What is the hundreds digit of 187?
1
What is the units digit of 39350?
0
What is the hundreds digit of 135059?
0
What is the units digit of 30?
0
What is the tens digit of 12360?
6
What is the tens digit of 44149?
4
What is the ten thousands digit of 12563?
1
What is the hundreds digit of 449?
4
What is the thousands digit of 3043?
3
What is the units digit of 13910?
0
What is the hundreds digit of 1517?
5
What is the thousands digit of 40450?
0
What is the hundreds digit of 3129?
1
What is the tens digit of 2993?
9
What is the thousands digit of 3265?
3
What is the thousands digit of 1597?
1
What is the units digit of 7205?
5
What is the units digit of 607?
7
What is the hundreds digit of 879?
8
What is the units digit of 860?
0
What is the units digit of 1119?
9
What is the thousands digit of 29292?
9
What is the hundreds digit of 293?
2
What is the thousands digit of 1118?
1
What is the hundreds digit of 517?
5
What is the units digit of 201?
1
What is the thousands digit of 14621?
4
What is the thousands digit of 1084?
1
What is the thousands digit of 1223?
1
What is the units digit of 23927?
7
What is the units digit of 161?
1
What is the thousands digit of 22930?
2
What is the hundreds digit of 131459?
4
What is the thousands digit of 10927?
0
What is the thousands digit of 1169?
1
What is the hundreds digit of 990?
9
What is the hundred thousands digit of 151593?
1
What is the ten thousands digit of 50379?
5
What is the ten thousands digit of 30386?
3
What is the hundreds digit of 733?
7
What is the thousands digit of 2536?
2
What is the hundreds digit of 1692?
6
What is the thousands digit of 13980?
3
What is the hundreds digit of 6382?
3
What is the hundreds digit of 5186?
1
What is the tens digit of 3794?
9
What is the ten thousands digit of 32190?
3
What is the units digit of 1258?
8
What is the tens digit of 2670?
7
What is the thousands digit of 33950?
3
What is the tens digit of 125?
2
What is the units digit of 11566?
6
What is the thousands digit of 8456?
8
What is the hundreds digit of 10212?
2
What is the thousands digit of 3311?
3
What is the ten thousands digit of 38326?
3
What is the units digit of 236?
6
What is the tens digit of 569?
6
What is the hundreds digit of 1414?
4
What is the hundreds digit of 256?
2
What is the units digit of 8336?
6
What is the tens digit of 9647?
4
What is the hundreds digit of 264?
2
What is the ten thousands digit of 100663?
0
What is the units digit of 21961?
1
What is the tens digit of 24764?
6
What is the hundreds digit of 1803?
8
What is the hundreds digit of 2650?
6
What is the tens digit of 190?
9
What is the thousands digit of 1700?
1
What is the thousands digit of 10355?
0
What is the thousands digit of 2901?
2
What is the tens digit of 130612?
1
What is the units digit of 2230?
0
What is the ten thousands digit of 90589?
9
What is the thousands digit of 12441?
2
What is the hundreds digit of 597?
5
What is the tens digit of 27636?
3
What is the units digit of 14452?
2
What is the hundreds digit of 65403?
4
What is the ten thousands digit of 12082?
1
What is the tens digit of 23618?
1
What is the tens digit of 6590?
9
What is the units digit of 813?
3
What is the ten thousands digit of 21587?
2
What is the hundreds digit of 30658?
6
What is the units digit of 79511?
1
What is the tens digit of 2114?
1
What is the thousands digit of 52617?
2
What is the units digit of 270?
0
What is the units digit of 404?
4
What is the units digit of 537?
7
What is the ten thousands digit of 42585?
4
What is the thousands digit of 1380?
1
What is the units digit of 1310?
0
What is the thousands digit of 91565?
1
What is the units digit of 1240?
0
What is the tens digit of 11363?
6
What is the thousands digit of 1972?
1
What is the thousands digit of 62750?
2
What is the thousands digit of 4177?
4
What is the hundreds digit of 316?
3
What is the tens digit of 1599?
9
What is the units digit of 90944?
4
What is the thousands digit of 82866?
2
What is the units digit of 2590?
0
What is the thousands digit of 6382?
6
What is the units digit of 1849?
9
What is the tens digit of 1098?
9
What is the hundreds digit of 1894?
8
What is the units digit of 2310?
0
What is the hundreds digit of 6672?
6
What is the hundreds digit of 57723?
7
What is the tens digit of 88267?
6
What is the units digit of 7747?
7
What is the units digit of 1447?
7
What is the tens digit of 56?
5
What is the hundreds digit of 2474?
4
What is the thousands digit of 8468?
8
What is the units digit of 27006?
6
What is the tens digit of 2985?
8
What is the ten thousands digit of 15632?
1
What is the hundreds digit of 23738?
7
What is the tens digit of 1380?
8
What is the hundreds digit of 913?
9
What is the hundreds digit of 29981?
9
What is the units digit of 5075?
5
What is the hundreds digit of 1136?
1
What is the hundreds digit of 707?
7
What is the hundreds digit of 8776?
7
What is the hundreds digit of 1191?
1
What is the hundreds digit of 553?
5
What is the thousands digit of 26280?
6
What is the hundreds digit of 2915?
9
What is the hundreds digit of 4459?
4
What is the thousands digit of 6413?
6
What is the hundreds digit of 4043?
0
What is the tens digit of 3077?
7
What is the units digit of 2128?
8
What is the thousands digit of 3308?
3
What is the tens digit of 1298?
9
What is the thousands digit of 19656?
9
What is the tens digit of 1268?
6
What is the hundreds digit of 624?
6
What is the thousands digit of 1718?
1
What is the tens digit of 1159?
5
What is the hundreds digit of 2846?
8
What is the thousands digit of 7666?
7
What is the thousands digit of 5284?
5
What is the hundreds digit of 2953?
9
What is the thousands digit of 22085?
2
What is the hundreds digit of 56019?
0
What is the units digit of 2160?
0
What is the thousands digit of 3189?
3
What is the hundreds digit of 78900?
9
What is the units digit of 73042?
2
What is the units digit of 1387?
7
What is the units digit of 1541?
1
What is the units digit of 3707?
7
What is the thousands digit of 13230?
3
What is the tens digit of 28297?
9
What is the thousands digit of 5633?
5
What is the units digit of 8006?
6
What is the hundreds digit of 4414?
4
What is the tens digit of 1467?
6
What is the tens digit of 12578?
7
What is the units digit of 8727?
7
What is the units digit of 28953?
3
What is the tens digit of 942?
4
What is the units digit of 6963?
3
What is the tens digit of 543?
4
What is the tens digit of 1194?
9
What is the tens digit of 635?
3
What is the tens digit of 83?
8
What is the hundreds digit of 415?
4
What is the hundreds digit of 3678?
6
What is the units digit of 4002?
2
What is the hundreds digit of 2351?
3
What is the units digit of 132998?
8
What is the tens digit of 46051?
5
What is the units digit of 46232?
2
What is the thousands digit of 97956?
7
What is the hundred thousands digit of 176015?
1
What is the hundreds digit of 478?
4
What is the thousands digit of 28256?
8
What is the units digit of 1051?
1
What is the tens digit of 24412?
1
What is the hundreds digit of 74207?
2
What is the ten thousands digit of 10329?
1
What is the hundreds digit of 4732?
7
What is the hundreds digit of 612?
6
What is the tens digit of 5803?
0
What is the ten thousands digit of 59295?
5
What is the thousands digit of 1621?
1
What is the thousands digit of 58179?
8
What is the hundreds digit of 11556?
5
What is the units digit of 350?
0
What is the hundreds digit of 3355?
3
What is the hundreds digit of 2454?
4
What is the hundreds digit of 114012?
0
What is the te